*2 - 10*j - 1. Let d(q) = -3*p(q) + 5*v(q). Calculate d(-4).
8
Suppose 150 - 13 = 22*j - 17. Suppose -16 = -2*w - 2*z, w + 2*z - 10 = -0*z. Let l(a) = -w*a - 3 + 3*a**2 - 4 - 2*a**2. Calculate l(j).
0
Let b(m) = 35 - 115*m + 48*m + 65*m. What is b(10)?
15
Let o(m) = m - 58. Let g be 10*((-10)/7 - 3735/(-630)). Calculate o(g).
-13
Suppose -d + 4*p + 0 = 1, 0 = p. Let l be 5/d - (-2 - 0 - 6). Let t(n) = 4*n**2 + 3*n - 1. Determine t(l).
44
Let p(y) be the third derivative of y**6/120 + 3*y**5/20 + 3*y**4/8 + y**3/2 - y**2. Let n be (-198)/25 + 96/(-1200). Calculate p(n).
-5
Let p(d) = 33*d - 1. Let y(h) = -h**2 - 4*h + 34. Let u be y(-6). Suppose u*l + 21 = l. Give p(l).
-34
Let m(y) = y + 13. Suppose x + 5*h = -288, 919 = -3*x - 3*h - h. Let k = x - -313. Determine m(k).
13
Let w(v) = -15*v - 5 + 7 - 9 + 3*v + 4*v. Let k(n) = n**3 - 4*n**2 - 3*n - 13. Let j be k(5). Determine w(j).
17
Suppose -616 = -5*y - h, -5*h + h = 5*y - 619. Suppose 5*c - 26 = 2*m - y, -164 = -4*m + 4*c. Let b be 4 + (-152)/m + 80/(-45). Let p(x) = -x + 1. What is p(b)?
3
Let z(u) = u**2 - 7*u + 6. Let x = -5 + 7. Suppose -3*d - 12*p + 9 = -13*p, 0 = x*d - 2*p - 2. What is z(d)?
-6
Let f(g) = -g**2 - 2*g + 2. Let r = 24 - 10. Suppose -w = -4*q + r, -5*w = -q + 12 + 1. Let n be 15/(-12)*-4 - q. Give f(n).
-6
Let a(l) = 7 + 10 - 8*l - l**2 - 5*l - 2*l. Give a(-9).
71
Let s(a) = 2*a**2 + 86*a - 177. Suppose 7*n + 3195 = -55*n - 9*n. What is s(n)?
3
Let g(n) = -4*n - 30. Let c(p) = 1. Suppose 0 = -3*t - 4*w - 6, 3*w = -3*t + 5*w - 6. Let h(x) = t*c(x) - g(x). Determine h(-7).
0
Let h = 706 - 700. Let g(j) = j**3 - 9*j**2 + 14*j - 1. Determine g(h).
-25
Let n(z) be the first derivative of -z**4/4 - 4*z**3/3 + 9*z**2/2 - 2*z - 7644. Give n(-7).
82
Let u(x) = x + 13. Let m(t) = -1. Let v(q) = -33*m(q) + 3*u(q). Give v(-26).
-6
Let h be -1*(10/((-2530)/(-1749)) + 2/23). Let r(k) be the first derivative of -2*k**2 - 8*k - 1. Give r(h).
20
Let d(h) = -28*h + 125. Let j = 13134 + -13129. Calculate d(j).
-15
Let o be -21*(36/(-54))/2. Let t(n) = -2*n**3 + 16*n**2 - 12*n + 15. Calculate t(o).
29
Suppose -4*a + 5 = 17. Suppose -6*v + 97 = 91. Let d(q) = 2*q**2 + 3 + v - 3 + 3 + 3*q. What is d(a)?
13
Let b(j) = j**3 + 5*j**2 - 8*j - 5. Let k be 18/45 + 208*9/(-30). Let x(a) = 29*a + 2. Let l be x(-2). Let v = k - l. Give b(v).
7
Let q(f) = f**3 + 3*f**2 - 6*f + 145. Let z be q(-7). Let s(b) = 10*b + 90. Determine s(z).
0
Let j = 163 - 153. Let h(y) = -2 - y**3 - 3*y**2 + 3 + j*y**2 - 8*y**2 - 4*y**2 - 4*y. Give h(-4).
1
Let v(m) = 3*m**2 - 5*m + 5. Let c(p) = -2*p**2 - 30*p - 106. Let f be c(-9). Calculate v(f).
7
Let h(l) = -23 - 11 + 9 + 2771*l - 2776*l - 24. What is h(-9)?
-4
Let s be (-9 + (9/(-1) - -18))/5. Let d(w) = w**2 - w + 6. What is d(s)?
6
Let d be (0 + 5)/(-3 + (-1 - -5)). Let k(y) = 347*y + 7*y**2 + 0 + y**3 - 343*y + d. Give k(-6).
17
Let z(s) = -s**3 + 5*s**2 + s - 14. Suppose 11*b + 19*b - 17*b - 65 = 0. Calculate z(b).
-9
Suppose -z + 61 = 5*l, 3*l - 50 = -l - 2*z. Suppose 6*v - l = 3*v. Let x(c) be the third derivative of -c**4/24 - c**3/6 + 628*c**2. Determine x(v).
-5
Let y(j) be the first derivative of -j**7/840 + 7*j**6/360 - j**5/24 - j**4/8 + 2*j**3/3 - 15*j**2/2 + 24. Let f(n) be the third derivative of y(n). Give f(6).
3
Let i(c) = 5*c**2 + 3*c - 34. Let j(v) = -14*v**2 - 9*v + 103. Let n(d) = -17*i(d) - 6*j(d). Let z(u) be the first derivative of n(u). Calculate z(8).
-13
Let y be (3/1)/(-1 - 1*-4). Let v(a) = y + 142*a + 0 + a**2 - 143*a. Let k(c) = c**2 + 21*c + 21. Let z be k(-20). What is v(z)?
1
Let i = -5784 - -5788. Let j(s) = -s**2 + 5*s - 1. Determine j(i).
3
Let b = 81 - 76. Suppose -8*r = 4*f - 7*r + 35, 4*f + b*r = -47. Let v(l) = 2*l + 12. Calculate v(f).
-4
Let q(j) be the second derivative of -j**3/6 - 6*j**2 - 140*j + 1. What is q(-8)?
-4
Let a(b) = -2*b**2 + 173*b - 2904. Let x be a(64). Let k(s) = 2*s**2 + 46*s - 47. What is k(x)?
1
Let a(p) be the second derivative of 1/20*p**5 + 161*p + 0 - 13/2*p**2 - 1/3*p**3 + 3/4*p**4. Calculate a(-9).
5
Let p = 8 - 1. Let j(g) = 16*g + 42. Let u(h) be the first derivative of -7*h**2/2 - 20*h + 110. Let i(m) = 4*j(m) + 9*u(m). Calculate i(p).
-5
Let n(l) = 3*l**2 - l - 1. Let x be (2 - 49)*(7 - (-24)/(-3)). Suppose -39 = x*c - 34*c. Give n(c).
29
Let m(t) = 2*t - 6*t**2 - 68 - 75 + 202 - 60. Calculate m(3).
-49
Let o(g) = 7*g - 2*g + 0*g - 10 - 1 - 14. Calculate o(9).
20
Let u = 9340 - 9324. Let o(a) = -a**3 + 15*a**2 + 14*a + 9. Determine o(u).
-23
Let f(w) be the second derivative of w**4/12 - 19*w**3/6 - 36*w**2 - 1612*w. Calculate f(22).
-6
Let u(x) = 47 + 36 + 342*x - 689*x + 356*x. Calculate u(-14).
-43
Suppose -f + 3*m - 6 = -2, -4*m + 10 = f. Let b(n) = -n + 2*n - 4*n**f - 11*n**2 + 19*n**2. Calculate b(2).
18
Let n(y) = 3*y**3 - 7*y**2 + 2*y + 10. Let a(l) = 2*l**3 - 8*l**2 + 4*l + 10. Let p(o) = -4*a(o) + 3*n(o). Determine p(-12).
-34
Let u(b) = -488 - 21*b + 11*b + 8*b + 520. Determine u(-9).
50
Let a(w) = w + 12. Let y be 136/14 - 5056/(-2212). Give a(y).
24
Let u(w) = -4*w. Let k(s) = 17*s - 1. Let n(i) = -k(i) - 3*u(i). Determine n(0).
1
Let g(r) = 9*r**2 - 2*r + 1. Let w(b) = 4*b - 65. Let j(l) = -6*l + 68. Let a(c) = -4*j(c) - 5*w(c). Let x be a(-13). Determine g(x).
8
Suppose 0 = 2*s - 4, 4*l + s = 5 + 9. Suppose 3*m + 15 = -4*a - a, -l*a + m = -5. Let b(v) = -v + 16. Determine b(a).
16
Let k(b) = -b**3 - 4*b + 4. Suppose -2*v - 4*a - 5 = 15, 0 = -2*v + 4*a + 20. Give k(v).
4
Let n(p) = 8*p**3 + p**2 - 2*p + 1. Let g(i) = i**2 + 15*i + 42. Let a be g(-11). Determine n(a).
-55
Let z(l) = l. Let j(q) = 6*q. Let h(y) = 2*j(y) - 11*z(y). Let r be (-15)/6*(-90)/(-75). Let c be ((-84)/30 - r)*15. Calculate h(c).
3
Let p(z) = 5*z - 3. Let q(h) = -6*h + 4. Let b(v) = -3*p(v) - 4*q(v). Let k be b(8). Let x = 60 - k. Let g(a) = -a**3 - 5*a**2. Determine g(x).
0
Let c(z) be the first derivative of -70*z**3 + z - 5364. Calculate c(-1).
-209
Let f = 12729 - 12724. Let u(n) be the first derivative of n**6/360 - n**5/20 + n**4/6 + 2*n**3/3 + 2. Let c(b) be the third derivative of u(b). Calculate c(f).
-1
Let a be (-1 - (-1 + 0)) + 0 + 92. Let w = -90 + a. Suppose 2*o - w*h - 2 = 2, o - 5*h + 6 = 0. Let v(p) = -p**2 + 6*p - 3. Calculate v(o).
5
Let z(c) = -3*c**2 + 265*c - 1092. Let n be z(84). Let k(t) = t - 7. What is k(n)?
-7
Let s(i) = i**2 - 2*i + 1. Let t be (-3)/(-4) + 12/((-528)/(-55)). What is s(t)?
1
Let a(s) = -4*s - 4. Suppose -2*b + n = -15, 4*b + n - 11 = 4. Let q(c) = -6*c + 37. Let l be q(b). Calculate a(l).
-32
Let m(s) = -s**2 + s - 2. Let o(i) = -3*i**2 + 6*i - 3. Let h(c) = 5*m(c) - 2*o(c). Let a = -5 - 10. Let p = -9 - a. Calculate h(p).
-10
Let p(b) = -14378321*b - 1 - 9*b**3 + 23*b**3 + 14378321*b. Give p(1).
13
Suppose 0 = -5*j - 2*d + 45, -3*j + 13 = -2*d + 2. Let o(s) be the first derivative of -s**4/4 + 2*s**3 + 2*s**2 + 10*s + 251. Give o(j).
-11
Let l(c) be the first derivative of -c**2/2 - 11*c - 5850. Suppose -3*p + 16 = p. Suppose 45 - 1 = -p*s. Calculate l(s).
0
Suppose -16 = -3*f - 4*i, -1045*f + 1047*f = 5*i - 20. Let y(g) be the first derivative of -g**4/4 + g**3/3 - 10*g - 2. What is y(f)?
-10
Suppose -p - p + 22 = 0. Let g(b) = -13*b**2 + 2*b. Let t(y) = -29*y**2 + 2*y - 2. Let c(n) = -9*g(n) + 4*t(n). Determine c(p).
3
Let j(v) = -8*v**3 - 21*v**2 - 31*v + 94. Let t(u) = 3*u**3 + 7*u**2 + 10*u - 32. Let k(p) = 4*j(p) + 11*t(p). Determine k(8).
-24
Suppose 2*f = f + 2*z, f - 8 = -2*z. Suppose 5*l + 49 = -f*n, 13 = -45*n + 42*n + l. Let j(p) = 2*p + 9. Give j(n).
-3
Let t(z) be the second derivative of z**4/24 - z**3/3 - 118*z**2 + 204*z. Let j(g) be the first derivative of t(g). Calculate j(7).
5
Let m(v) = 9*v + 2. Let x(c) = -4*c - 1. Suppose 3*t = 4*d + 10, 2*d - 14 = t + 5*d. Let z = 33 - 38. Let o(s) = t*m(s) + z*x(s). What is o(-2)?
-3
Let w(i) = i**2 - 4*i + 5. Let r(y) = y + 16. Let o be r(-16). Suppose h + 10 = 3*v - 25, 3*v + 4*h - 25 = o. Suppose -v*a - 32 + 98 = 0. Calculate w(a).
17
Let x(c) = -4*c**2 + 3*c + 3. Let g(o) = -9*o**2 + 7*o + 7. Let h(q) = 3*g(q) - 7*x(q). Let r(z) = 12*z**2 - 58*z - 8. Let a be r(5). Calculate h(a).
4
Let k(t) be the third derivative of 0*t - 1/4*t**4 - 9*t**2 - 5/3*t**3 + 0. Let f(p) = 5*p + 10. Let n(o) = -7*f(o)